reatest common divisor of 976 and q.
61
Let z(w) = w**2 + 15*w - 8. Suppose 2*n = -3*d - n - 63, 3*n + 9 = 0. Let h be z(d). Calculate the highest common factor of 46 and h.
46
Suppose 2786*r = 2797*r - 847. Let y(p) = 7*p + 5. Let t be y(4). Calculate the greatest common factor of r and t.
11
Let m(d) = 2*d**2 - d + 2. Let r = -28 + 30. Let x be m(r). Calculate the greatest common divisor of 24 and x.
8
Let k = 100 + -104. Let x be k/34 + 688/68. What is the greatest common divisor of 80 and x?
10
Suppose 5*j - 25 = 0, 2*k - 2*j - j = -43. Let l be k/6*66/(-2). Calculate the greatest common factor of 11 and l.
11
Suppose 2*g = 4*l, -2*g + 6 = -0*g - 2*l. Let c = g - 5. Let p be 1 + c*(0 + 12). Calculate the greatest common divisor of p and 39.
13
Suppose 504 = 3*g + 3*y, -3*g + 2*y - 852 = -8*g. What is the greatest common factor of 86 and g?
86
Let l(q) = -q + 2. Let k be l(-5). Let r(n) = 2*n**2 - 27*n + 70. Let p be r(3). Calculate the highest common divisor of k and p.
7
Let p(f) = -f**3 + 10*f**2 - 9*f. Let z be p(7). Let h = z + -69. Calculate the greatest common factor of 75 and h.
15
Let x be (155/15 - 11)*81/(-2). Let i(p) = -p**2 - p - 23. Let k be i(0). Let d = k + x. What is the greatest common factor of d and 2?
2
Let q be 12/(-20) - (-96)/10. Let x be (-2)/q - 644/(-63). Suppose -4*t - 108 = -x*t. What is the highest common factor of t and 54?
18
Let l be 10*3*(-48)/(-20). Suppose 5*m - l = -m. What is the highest common divisor of 60 and m?
12
Let q = 766 - 662. What is the highest common factor of 144 and q?
8
Let u(z) = 5*z**2 + z + 53. Let o(p) = -p + 1. Let n be o(1). Let k be u(n). What is the greatest common divisor of 106 and k?
53
Let j = -185 - -302. What is the highest common divisor of j and 9?
9
Suppose -2*l - 4*n + 595 = -2433, n = 2*l - 3003. Calculate the highest common factor of l and 64.
32
Suppose 1654 = 18*f + 34. Calculate the greatest common factor of 210 and f.
30
Suppose 0 = -2*g - 5*d + 116, -3*d = -5*g - 0*d + 321. What is the highest common divisor of g and 7?
7
Suppose -8 = -15*t + 11*t. What is the highest common factor of t and 1?
1
Let y(r) = -12*r - 4. Let l be y(-1). Let q = 19 - l. What is the highest common factor of 55 and q?
11
Let q(v) = -23*v - 15. Let o be q(-4). What is the highest common factor of o and 616?
77
Let p = -1454 - -1455. What is the highest common divisor of 5 and p?
1
Suppose 0*v = -v. Let h = 78 - 43. Suppose b - h = -5*r, -5*b + v*b = 4*r - 196. What is the greatest common divisor of 4 and b?
4
Suppose 9*w + 448 = 13*w. Suppose 30 = 2*o + 2*k, 0 = -2*o + o + 5*k + 9. Calculate the greatest common factor of o and w.
14
Let l(u) = 0*u**2 - 6 + 5*u**2 - 2*u**2 + 13*u + 19. Let g be l(-6). What is the highest common factor of g and 86?
43
Let f(l) = -15*l**3 - 5*l**2 - 18*l - 26. Let t be f(-2). What is the highest common divisor of 341 and t?
11
Let a = 413 + -248. Calculate the highest common divisor of 15 and a.
15
Suppose 0 = f + i - 19 + 4, -12 = -4*i. Let n be 4/f*(171 - 0). Let p be 3/(-12) - 153/(-4). What is the greatest common factor of n and p?
19
Let g = -163 - -372. What is the greatest common divisor of 22 and g?
11
Let r(a) be the first derivative of -a**4/4 - 5*a**3/3 + 11*a**2/2 - 9*a + 8. Let y be r(-7). Calculate the highest common factor of y and 72.
12
Let k be 20/(-9) + 4/18. Let r be -1 + 257 + (k - -5). Calculate the greatest common divisor of r and 37.
37
Suppose 3*k + 4 - 10 = 0. Suppose 4*c = -k*j - 64, j = -j + 3*c - 71. Let f be (-3172)/(-18) - j/(-153). Calculate the greatest common factor of f and 16.
16
Suppose 1 = 4*x - 7. Suppose -b + 5*h = -1 - x, 3*h - 19 = -2*b. Suppose 4*k + 60 = 3*t, 2*t = -0*t - 2*k + 26. Calculate the highest common factor of t and b.
8
Suppose 5*j + 44 = 2*s, 2*s + 3*s = 4*j + 76. Calculate the highest common divisor of 3012 and s.
12
Suppose 10 = -2*f, l - 2*f - 18 = -3*l. Suppose 12 = -w + 4*w. Suppose 2 + l = z, -4*s + w*z = -64. What is the highest common divisor of s and 140?
20
Suppose -2 = 94*f - 95*f. Let h = -4 - -6. Suppose -5*x + 40 = 2*l + 4, -f*l + 18 = h*x. Calculate the greatest common factor of x and 9.
3
Suppose -3*g - 152 = -7*g. Suppose g + 27 = -5*w. Let r = w - -35. What is the highest common factor of r and 66?
22
Suppose 21*p - 146 - 442 = 0. Calculate the greatest common divisor of 35 and p.
7
Let x be 0/(-2) - (5 + -1 + -50). What is the greatest common factor of x and 736?
46
Let g(s) = 16*s**2 - 10*s - 16. Let u be g(-2). What is the greatest common factor of 306 and u?
34
Suppose 2*b + 4*q = 180, 3*b + q - 276 = -2*q. Suppose -4*r = f - 28, -2*f + 5*r + b = 12. Calculate the highest common divisor of 144 and f.
36
Suppose 0*c = 3*c - k - 24, k - 24 = -3*c. Let y be (234/4)/(6/c). Suppose 4*m + 51 = 4*u - 5, -5*u - 3*m = -y. Calculate the highest common factor of 30 and u.
15
Let y(k) = -43*k + 146. Let n be y(-8). What is the greatest common divisor of 10 and n?
10
Suppose -2*h = 4*l - 72, -5*h = -2*h - l - 73. Suppose -283*y = -277*y - 234. What is the greatest common factor of y and h?
13
Let i be (8/3 + -3)/((-8)/480). Let j(x) = -x + 14. Let g be j(6). What is the greatest common factor of i and g?
4
Let u(x) = -x**2 - 4*x + 11. Let z be u(-5). Let s be (-3 - -90) + z + -3. Let c be ((-80)/(-6))/(15/s). Calculate the highest common divisor of 16 and c.
16
Let l be ((-4)/(24/18))/((-6)/(-8)). Let y be ((-8)/4 - -8)/(l/(-6)). Calculate the highest common divisor of y and 9.
9
Let m = -4 - -11. Let p = m + 10. What is the greatest common factor of p and 34?
17
Suppose 2*q + 3*r - 47 = 0, -q + 3*r = -49 + 12. Let y be (8 - 13 - (-23)/4) + 486/24. What is the greatest common factor of q and y?
7
Let i(k) = 15*k + 13 - 1 - 22*k - 5*k**2 + k**3 + 14*k. Let f be i(4). Let c = 30 + -14. What is the highest common divisor of f and c?
8
Suppose -6 = -5*u + 6*u. Let w be (-2 - u/3)*1. Suppose -n = -b + 6, w = 2*b - 4*n - 0 - 4. What is the highest common divisor of 110 and b?
10
Let o = -42 - -66. What is the greatest common factor of 60 and o?
12
Suppose 56*v - 9*v - 5170 = 0. Calculate the highest common factor of 210 and v.
10
Suppose 4*g = 0, g = 3*f - 0*g - 66. Let u = 41 - f. Suppose -u = -3*y - l, -5*y + 43 = -3*l - l. Calculate the highest common divisor of y and 49.
7
Suppose -11*p = -8*p - 792. Suppose a + 4*k - 88 = 0, -3*a + p = 6*k - 5*k. Calculate the greatest common divisor of a and 132.
44
Let j(r) = r**2 - 6*r + 4. Suppose -4*p + 2*a + 52 = 6*a, -2*p = -2*a - 14. Let k be j(p). Calculate the greatest common factor of k and 4.
4
Suppose 47*y - 46*y = 4*f - 302, -5*f + 3*y = -381. Suppose -3*g - 6 + 156 = 0. Calculate the highest common factor of f and g.
25
Let b be (2 - 0) + 8 + -16. Let c be 80/b + 7/21. Let l(u) = -u**3 - 13*u**2 - 3*u + 11. Let m be l(c). What is the highest common divisor of m and 10?
10
Suppose -4*c = 3*i - 4*i + 4, 4*c - 4*i = -4. Let t be c*-7*2*1. Let q = -205 + 331. What is the highest common factor of t and q?
14
Suppose -82*c = -83*c + 231. Calculate the greatest common divisor of 385 and c.
77
Suppose 5*z + 344 = 9*z - 4*m, -5*z = -2*m - 442. Suppose -n + z = 8*n. What is the highest common factor of n and 110?
10
Let f be 50/75 + (-106)/(-3). What is the highest common divisor of 54 and f?
18
Let l(c) = c**3 - 4*c**2 - 2*c - 5. Let h be l(5). Let j = h - -4. Suppose 0*f + 55 = f - 3*g, 0 = 5*g - 25. What is the highest common factor of f and j?
14
Let o be (-124)/(-682) - (-1120)/11. What is the highest common divisor of 544 and o?
34
Suppose 0*o + 4 = 4*o. Let v be (580/870)/((1/(-6))/(-1)). Calculate the highest common divisor of v and o.
1
Suppose -4432 = -4*z - 4*y, -5*z - 3125 = 3*y - 8671. Calculate the highest common factor of 404 and z.
101
Suppose 2*m + 0*m = f - 10, 5*f - 14 = m. Suppose 5*j + 5*b = 5, -j - 5*b = -f*b + 9. Calculate the highest common factor of j and 3.
3
Let y = 127 - 118. Let g be (-128)/(-3) - (28/(-3) + y). Calculate the highest common divisor of g and 301.
43
Let q be (-1)/(((-13)/(-4))/13). Let p be -1 - (0/1)/(-2). Let g be -1 - 140/q - p. What is the highest common factor of 7 and g?
7
Let c(h) = 5*h - 20. Let a be c(7). Suppose 5*l = a*l - 1320. What is the highest common divisor of l and 12?
12
Let o = 57 + -82